v(j) = -3*j - 14. Let l be v(-6). Suppose l*d + 0*d - 8 = -2*w, -10 = 4*w - 5*d. Calculate g(w).
5
Let z be (6 - (-3 + 6)) + 1. Suppose 4*k - z = -t, -k + t = -0*t - 6. Let v(c) = 1 - 2*c - 2 + k*c - 2*c**2. Determine v(1).
-3
Let r(b) = -b**3 + 8*b**2 + 7*b + 12. Suppose 5*v = -f + 34, -6*v = f - 11*v + 16. What is r(f)?
-6
Let w = 17 - 12. Let d(h) = -2*h + 6*h - w*h. Suppose 3*z = -3 + 6. Determine d(z).
-1
Let l(a) = -a**2 - 3*a + 2. Let c(w) = -w**2 - w + 1. Let p(u) = 2*c(u) - l(u). What is p(1)?
0
Suppose 18*c - 7*c - 33 = 0. Let d(s) = 0 + 1 + 2*s - c*s + 3*s. Let u be (5/(-2))/((-4)/8). Determine d(u).
11
Let y be (-1 - 0)/(31/62) + -3. Let h(g) = -g**3 - 5*g**2 + 3*g + 5. Determine h(y).
-10
Let j(o) = 6*o**3 + o**2 - 2*o + 1. Suppose 3*t = -0*z + 3*z + 9, 2*t - 4*z = 10. Calculate j(t).
6
Suppose 110 = 19*n - 9*n. Let a(u) = -u**3 + 11*u**2 - 6. Calculate a(n).
-6
Let r(z) be the third derivative of -z**5/60 + z**4/12 - 2*z**3/3 - 4*z**2. Suppose -5*u - y = -11, 5*y = -7 - 13. Determine r(u).
-7
Let d(r) be the third derivative of -r**6/40 + r**5/15 - r**4/6 + r**3/2 - 4*r**2 + 6*r. Determine d(2).
-13
Let i(y) = y**2 + 5*y - 21. Let t be i(-8). Let w(p) = p**2 - t*p**2 + p**2 - 2*p. What is w(-2)?
0
Let t be (4*3/12)/(1/(-1)). Let u(a) = -5*a + 2. Calculate u(t).
7
Let i(a) = -a**2 - a - 1. Let v(y) = -y**3 + 5*y**2 + 3*y - 5. Let w be v(5). Let g = -10 + w. Give i(g).
-1
Suppose 4*n - 32 = 5*i, -5*i + 10*i = -5*n - 50. Let w(t) = t**2 + 5*t + 10. Calculate w(i).
34
Let n(d) = -2*d + 1. Let k be ((-250)/8)/((-7)/28). Suppose 4*v + k = -v. Let p be v - -19 - -1*4. Give n(p).
5
Let f(g) = 6*g - g - g + 0*g - 7 - 2*g**3. Let l(n) = -n**3 + 3*n - 6. Let i(c) = 2*f(c) - 3*l(c). What is i(0)?
4
Let n(t) = -143 - 4*t**3 + 7*t**2 + 4*t + 5*t**3 + 143. Let s(m) = -m**3 - 7*m**2 - 5*m. Let b be s(-6). Give n(b).
12
Let a(v) = -6*v - 13. Let y be a(-4). Let w(j) = 8 - 6*j**2 + j**2 + 10*j + j**2 + 3*j**2. Determine w(y).
-3
Suppose 3*b - 10 = 8. Let s(v) = -2*v**2 + 10*v + 8. Determine s(b).
-4
Let q = -63 + 65. Let d(z) = 12*z**3 + 1 + 2*z + 7*z**3 + q*z**2 - 21*z**3. Calculate d(-1).
3
Let p = 2927 + -2917. Let o(u) = u**3 - 9*u**2 - 7*u + 10. Give o(p).
40
Suppose -2*r = -3*r - 20. Let w = r + 19. Let q(z) = 7*z + 1. What is q(w)?
-6
Let b(f) = 11*f + 154. Let h be b(-14). Let r(g) be the second derivative of 0*g**2 - 1/3*g**3 + 4*g + h. Give r(-5).
10
Let l(i) = -i**3 + 2*i**2 + 7*i - 5. Let c = 39 + -50. Let f = 11 + c. Suppose f = 3*n - 7 - 5. Give l(n).
-9
Let k(f) be the third derivative of f**4/8 + 2*f**3/3 - f**2. Let a be (-5 + (-85)/(-20))/(3/(-24)). What is k(a)?
22
Let t(r) = r**3 + r + 18. Let l be 1/(-3)*0/((-4)/(-2)). Calculate t(l).
18
Let s(d) = d**3 + 8*d**2 + 7*d + 5. Let w be s(-7). Suppose -7*v - 16 = -3*v + w*g, 0 = -4*v - 3*g - 8. Let u(r) = 4*r - 5*r - 2*r**2 - 4*r**2. Determine u(v).
-7
Let s(f) be the second derivative of -f**3/2 - 45*f**2/2 - 206*f. Calculate s(-13).
-6
Let x(n) be the second derivative of 1/2*n**2 + 0 - 26*n + 2/3*n**3 - 1/12*n**4. Give x(3).
4
Let n(j) = -j**3 - 6*j**2 - 7*j - 5. Let k be 2/3*(-8 + 17). Let f(d) = 2*d - 4. Let z be f(k). Suppose -z - 7 = 3*t. What is n(t)?
5
Let d(o) be the first derivative of -o**3/6 + o**2/2 - 41*o - 3. Let p(j) be the first derivative of d(j). Determine p(-1).
2
Let y(s) = 8*s + 5*s - 3*s - 9 - 9*s**2 - 3 - 1 + s**3. What is y(8)?
3
Let n(d) be the first derivative of d**2 - 3*d + 17. Let q = -4 + 7. Suppose 4*l - 2*p - 12 = q*p, -4*p = 0. Calculate n(l).
3
Let p(d) = -5*d + 0*d - 5 + 4*d. Let u(l) = -12*l - 811. Let j be u(-67). Give p(j).
2
Let f(x) = 3 - 8*x + 49*x**2 - 91*x**2 - 15 + 43*x**2. Give f(9).
-3
Suppose -5*d = -y - 6, y + 18 = 3*d + 4*y. Let b(i) = i**2 + 3*i**2 + 9*i - 3 - i**d - 4*i**2. Determine b(5).
17
Let x be 0 - (-4)/(-3)*(-24)/16. Let c(t) = t**3 - t**2 + t - 3. Calculate c(x).
3
Let f(i) = -2*i**2 + 5*i + 3. Let s = 42 - 40. Let q = -13 - -21. Suppose 0*l = -s*l + q. What is f(l)?
-9
Let f(b) = 2*b - 2. Let y(m) = -2*m - 2. Let q be y(-3). Let w(g) = 3*g**3 + q*g - 3*g**2 + 0*g**3 + 1 - 4*g**3 + g**2. Let a be w(-3). Calculate f(a).
-6
Let t(q) = 941 - 468 - 2*q - 475. Suppose 4*c + 30 = -c. Determine t(c).
10
Let d(g) = 2*g - 1. Let j(r) = -7*r + 7. Let q(b) = 4*d(b) + j(b). What is q(5)?
8
Suppose -420 = 7*v + 28. Let h = v + 59. Let c(s) = -s**2 - 3*s + 6. Calculate c(h).
-4
Let f = -213 + 387. Let s(o) = 181 + 2*o - 4*o - f. Give s(5).
-3
Let d(m) = -2*m + 29 - 9 - 15. What is d(-3)?
11
Let p(m) = 5*m**2 + 2. Let g(u) = -3 + 44*u**2 - 58*u**2 - 3. Let i(d) = -6*g(d) - 17*p(d). Give i(0).
2
Let b = -68 + 44. Let m = b + 26. Let l(s) = s**2 - 2*s - 1. Give l(m).
-1
Suppose 2*q + 45 = 15. Let g be q/(-1)*8/(-12). Let m(r) = r**2 + 8*r - 14. What is m(g)?
6
Let d = 4 + 7. Suppose 0 = b - w - 6, -4*b + 0 = 3*w + d. Let g(f) = -2*f + 3*f - b + 6*f**2 - 2*f. Determine g(-1).
6
Let c(a) = -3*a - 1. Suppose -5*q - 3*m + 10 = 0, 7 = 4*q + 3*m - 1. Suppose -5*u = 3 + q. What is c(u)?
2
Let f(d) = -3*d**2 + 2 - 44*d - 41*d + 2*d**2 + 78*d - 3. Calculate f(-6).
5
Suppose 37 = 2*i - 5*h - 29, -5*h = 5*i - 95. Suppose -v = -5*v. Suppose -3*a - 8 + i = v. Let q(o) = -o**3 + 6*o**2 - 8*o + 6. What is q(a)?
-9
Let o(l) be the second derivative of l**7/210 - l**6/720 + l**5/120 + l**4/6 - 9*l. Let x(u) be the third derivative of o(u). Calculate x(1).
12
Let a(w) be the third derivative of w**7/2520 - w**6/360 - w**5/5 + 2*w**2. Let q(z) be the third derivative of a(z). Determine q(4).
6
Let x(c) = -4*c**2 + 11*c - 26. Let d(o) = o**2. Let k be 4*(68/16 + -3). Let g(t) = k*d(t) + x(t). Let n be g(-13). Let i(h) = h**2 - 5. Give i(n).
-5
Suppose w = -5*i + 32, -4*i - w + 24 + 1 = 0. Let p(q) = 4*q - 23. Let g be p(i). Let o(b) = -g + 10 - 17*b - 2*b**2 + 21*b + b**2. What is o(6)?
-7
Let y(r) = 1. Let i(d) = d**2 + d + 3. Let f be 32/(-6)*(-18)/24. Let x(j) = f*y(j) - i(j). Let l = 3 - 2. Determine x(l).
-1
Let v(g) = 2 - 8 + 2 + g + 2. Give v(3).
1
Let t(w) = -w - w - 24 + 23 + w**2. Let s be t(-2). Let p(z) = -z**3 + 6*z**2 + 6*z + 5. Calculate p(s).
-2
Let i(x) be the second derivative of 0 - 2*x**2 + x - 1/6*x**3. What is i(0)?
-4
Let m be (1 + 9)/(13 - 11). Let x(w) = 6 + 8 - 2 - 3*w + m*w. Calculate x(-8).
-4
Let r be 5 - (-6)/(-3 + 0). Suppose -5*y = -y + q, 5*y = -r*q + 7. Let x(f) = f + 1. Let a(u) = -11*u + 2. Let k(w) = a(w) - 2*x(w). Give k(y).
13
Let s(u) = u**3 + u**2 - 4*u - 3. Let x be s(-2). Let g(q) = -x + 2*q - q + 0*q + 0*q. Calculate g(-5).
-6
Let m(u) = u**2 - 9*u - 3. Suppose f - 16 = -4*x + 2*x, -2*x - 4*f + 22 = 0. Calculate m(x).
-17
Let u be 38/6 - 1/6*2. Let t = -9 + u. Let m(q) be the second derivative of -q**5/20 - q**4/3 - 5*q**3/6 - 2*q**2 - 3*q. Give m(t).
2
Let y be 2 - -18*(-1)/3. Let k(i) = i + 5. Give k(y).
1
Let m(y) = y + 7. Let i(o) = -24*o**2 + o. Let w be i(1). Let g = 30 - 59. Let f = g - w. What is m(f)?
1
Let h(m) = -4*m**2 + 1. Let o(l) = 13*l**2 - 4. Let g(s) = s**2 + 11*s - 44. Let x be g(-14). Let i(a) = x*o(a) - 7*h(a). Determine i(-2).
9
Let u(t) be the first derivative of -4*t + 10 + t**2 - 1/3*t**3. Let z = -2 - -5. What is u(z)?
-7
Let f(w) be the first derivative of w**4/4 + w**3 - 4*w - 109. Let k(u) = -u**3 + 5*u**2 - 6*u + 4. Let p be k(4). What is f(p)?
-20
Let y = 772 - 780. Let i(n) be the third derivative of n**5/60 + n**4/3 - n**3 + n**2. Calculate i(y).
-6
Let l(y) = 5*y + 12. Let k(r) = 10*r + 29. Let n(i) = 2*k(i) - 5*l(i). Suppose 0 = -3*m + 4*m + 5*w + 23, m + w + 3 = 0. Determine n(m).
-12
Let u(f) = 2*f + 2. Let s(l) = -l**3 - 8*l**2 - 4*l + 24. Let b be s(-7). Suppose -b*z - 5*x = -22 - 12, 0 = 5*z - 3*x. What is u(z)?
8
Let j(u) = 7*u**2 - 2*u + 1. Suppose -r + 6 - 7 = 2*y, 8 = -y - 3*r. Give j(y).
6
Let o(v) = -2*v - 15. Let p(x) = -20 - 3 - x - 3*x + x. Let n(j) = 7*o(j) - 5*p(j). Determine n(-6).
4
Let f(r) = -r**3 + r**2 - r - 33. Let j be (-10)/(-15)*(-9)/6 + 1. Give f(j).
-33
Suppose -6*z + 152 = -2*z. Let d = -2 + z. Let l be (-129)/(-27) - (-8)/d. Let x(b) = -b**3 + 4*b**2 + 3*b - 1. Determine x(l).
-11
Let r be (-32)/10*60/(-24). Let d(n) = -2*n. Determine d(r).
-16
Let g(j) = j**2 + 2*j - 6. Suppose 5*u + 2 = -18. Let v be g(u). Let m(l) = -7 + 6 - l**v + 0*l**2 - 6